of 26 and 106901080?
26
Calculate the greatest common divisor of 8415 and 416559.
33
Calculate the greatest common divisor of 45 and 63566610.
15
Calculate the highest common divisor of 495 and 7920715.
55
What is the highest common divisor of 15944 and 4023867?
1993
Calculate the highest common factor of 119457 and 11349.
117
What is the highest common factor of 6134268 and 62392?
2836
Calculate the greatest common factor of 407 and 469789.
37
Calculate the highest common factor of 3057644 and 4.
4
What is the greatest common divisor of 143 and 263362374?
11
What is the highest common divisor of 21 and 2919441?
21
Calculate the highest common factor of 231417 and 9153.
81
What is the highest common factor of 81 and 101547?
27
Calculate the greatest common divisor of 38885138 and 246.
82
What is the highest common divisor of 8296 and 1809992?
488
What is the highest common factor of 41265 and 1698165?
315
What is the highest common divisor of 61 and 160888476?
61
What is the highest common divisor of 6476379 and 1717989?
1911
Calculate the highest common divisor of 223716 and 312044.
724
What is the greatest common divisor of 187834 and 1957?
19
What is the highest common factor of 3470 and 6680?
10
Calculate the greatest common divisor of 12024 and 1810948.
668
What is the highest common divisor of 211751 and 1284862?
3589
Calculate the highest common factor of 135828 and 151172.
28
What is the greatest common factor of 1982048 and 1104?
368
Calculate the highest common divisor of 324 and 17565642.
18
Calculate the highest common divisor of 46616 and 1328.
8
Calculate the greatest common factor of 26188134 and 19944.
1662
What is the highest common factor of 10 and 58392?
2
What is the highest common factor of 21 and 283570259?
7
What is the greatest common divisor of 7907295 and 765?
255
What is the highest common factor of 1304077 and 31211?
1357
What is the greatest common factor of 58899 and 2516562?
87
What is the highest common factor of 3661 and 357649889?
523
Calculate the greatest common factor of 652478 and 109096.
2098
Calculate the greatest common factor of 43887 and 1536.
3
Calculate the greatest common factor of 2248134867 and 3541.
3541
Calculate the greatest common factor of 864 and 18602208.
288
What is the highest common factor of 3152 and 5971858?
394
What is the highest common divisor of 1282811 and 2604?
31
Calculate the greatest common divisor of 2461 and 66407410.
107
What is the greatest common factor of 75885 and 14160?
15
What is the greatest common factor of 1983724550 and 25?
25
Calculate the highest common factor of 9573312 and 1056.
96
What is the highest common divisor of 371376 and 16672?
16
What is the greatest common factor of 50677703 and 47?
47
Calculate the greatest common divisor of 107645934 and 506.
506
What is the greatest common factor of 940 and 3003770?
470
Calculate the greatest common factor of 750708 and 24226552.
9268
Calculate the highest common factor of 970 and 5281068.
194
Calculate the greatest common divisor of 1891 and 285293.
31
What is the highest common divisor of 5066048 and 2496?
832
What is the greatest common factor of 504 and 60929512?
56
What is the highest common divisor of 28453001 and 47?
47
What is the greatest common factor of 10520 and 146480?
40
Calculate the greatest common factor of 20391 and 11270397.
2913
Calculate the highest common divisor of 208 and 6603948.
52
Calculate the greatest common divisor of 23 and 29947127.
23
What is the greatest common factor of 4267237 and 104?
13
Calculate the greatest common factor of 9 and 1396130823.
9
Calculate the greatest common divisor of 136530 and 1220445.
1665
Calculate the highest common factor of 211825 and 475.
25
Calculate the highest common divisor of 8928 and 165120.
96
Calculate the highest common divisor of 36274614 and 18.
6
What is the highest common divisor of 560183 and 870922?
533
What is the greatest common divisor of 12672 and 535656?
264
What is the greatest common factor of 4107719 and 882?
49
Calculate the greatest common divisor of 830 and 129745600.
830
Calculate the greatest common divisor of 843 and 9727096.
281
Calculate the highest common divisor of 59384 and 18551.
13
Calculate the highest common factor of 950029 and 9.
1
What is the greatest common factor of 15153935 and 3460?
865
Calculate the greatest common divisor of 8368407 and 135.
27
Calculate the highest common divisor of 81 and 571995.
27
What is the greatest common factor of 45951 and 6273?
51
What is the highest common factor of 1388462 and 1450?
58
Calculate the highest common factor of 963 and 76502539.
107
What is the greatest common divisor of 39 and 7569341?
13
What is the greatest common divisor of 1845 and 709335?
45
Calculate the greatest common factor of 77 and 99898876.
77
What is the highest common divisor of 527 and 48337246?
31
Calculate the highest common factor of 15093 and 2106871.
559
Calculate the greatest common factor of 12166773 and 639.
213
Calculate the highest common divisor of 36900 and 291387.
123
What is the highest common factor of 39923 and 4480589?
3071
What is the greatest common factor of 628 and 285020626?
314
Calculate the greatest common factor of 9576 and 3004722.
126
What is the highest common divisor of 208413 and 26694792?
2241
What is the highest common factor of 274 and 1998912748?
274
Calculate the greatest common divisor of 106296500 and 21500.
500
Calculate the greatest common divisor of 824673809 and 23.
23
Calculate the greatest common divisor of 23760 and 8782400.
880
What is the greatest common divisor of 8 and 61774792?
8
What is the highest common divisor of 2044302 and 481?
13
Calculate the highest common factor of 30670455 and 135.
15
Calculate the highest common factor of 749136 and 624.
48
Calculate the highest common factor of 114439323 and 71763.
3777
What is the highest common divisor of 4690529880 and 120?
120
Calculate the highest common factor of 5837622 and 3318.
42
Calculate the greatest common factor of 213447 and 175557.
1263
Calculate the highest common factor of 1491753448 and 2648.
2648
What is the highest common factor of 69020 and 147560?
2380
Calculate the greatest common factor of 287797 and 5846.
79
Calculate the greatest common factor of 178 and 1302574363.
89
Calculate the highest common factor of 186 and 6084339.
93
What is the greatest common factor of 735 and 20869149?
147
Calculate the greatest common factor of 56530732 and 589.
31
What is the greatest common factor of 30391410 and 1530?
510
Calculate the highest common divisor of 27716 and 1640.
164
Calculate the greatest common divisor of 8837790 and 10.
10
Calculate the highest common factor of 5343414 and 1476654.
2802
Calculate the highest common factor of 38703276 and 1548.
36
What is the highest common divisor of 1741215 and 10185?
105
Calculate the highest common factor of 94860 and 1201932.
1116
What is the greatest common divisor of 8995034 and 103469?
967
Calculate the greatest common divisor of 2006274 and 78.
6
What is the greatest common divisor of 7652876 and 7?
7
Calculate the greatest common factor of 119816 and 272.
136
Calculate the highest common factor of 71977 and 109043.
431
Calculate the highest common factor of 2929664 and 608.
32
Calculate the greatest common factor of 20857778 and 458.
458
What is the highest common factor of 4995 and 232660440?
1665
What is the greatest common factor of 4373 and 1621036116?
4373
Calculate the greatest common factor of 14883375 and 3692.
923
What is the greatest common factor of 480 and 698912?
32
Calculate the greatest common divisor of 1182 and 377699235.
591
Calculate the greatest common divisor of 92865 and 1043655.
615
What is the highest common factor of 36414 and 3215414?
578
Calculate the highest common factor of 38787 and 2604.
21
What is the greatest common factor of 21699 and 231911679?
7233
What is the highest common divisor of 8757909 and 151059?
3513
What is the greatest common factor of 926501 and 844?
211
Calculate the highest common divisor of 28 and 6890947.
7
Calculate the highest common factor of 797039877 and 41.
41
Calculate the highest common factor of 45 and 117310785.
15
What is the greatest common factor of 85999584 and 1